t t(o) be the first derivative of 5*o**2/2 + 4*o + 446. Determine t(-3).
-11
Let h(z) be the first derivative of z**4/4 + 10*z**3/3 + 3*z**2 - 12*z - 22. Determine h(-9).
15
Let g(l) = -l**2 - 2*l + 2. Let t(a) = 2*a**2 - 5*a - 4. Let d be t(3). Let j be d/(-1 - 20/(-16)). What is g(j)?
-6
Let v(w) = w**2 + 6*w - 1. Let d = -33 - -33. Suppose d = -f - 13 + 8. Determine v(f).
-6
Suppose 6*c + 430 - 370 = 0. Let l(g) = 4*g - 5. What is l(c)?
-45
Let q(g) = -7*g + 2. Suppose 0 = 4*b - 10*x + 9*x - 9, 5*x = -2*b + 21. What is q(b)?
-19
Suppose 4*v - 87 = s, 2*v = -3*s + 2*s + 45. Let t be 3*(v/6 - 5). Let j(i) = -i**2 - 2*i + 1. Determine j(t).
-7
Let p(w) = 17*w**2 + 3*w + 2. Let q be p(-2). Let c(o) = -q + 64 - 3*o. Calculate c(1).
-3
Let x(p) be the first derivative of -p**2/2 + 15*p + 345. Give x(9).
6
Suppose 5*r - r - 8 = 0. Let x(l) = l**2 + 4*l - 2. Let a(t) = t**2 + t - 1. Let i(m) = 3*a(m) - x(m). Determine i(r).
5
Let t = -314 - -317. Let l(g) = 2*g + 1. Calculate l(t).
7
Let q be -1 + (-5 + 10 - 6)/1. Let n(y) = 5*y**2 + 3*y + 2. Calculate n(q).
16
Let x(q) = 15*q - 45. Let m(l) = -5*l + 16. Let b(c) = -11*m(c) - 4*x(c). Give b(2).
-6
Let h(g) = -4*g**3 + 8*g**2 - 6*g - 1. Let a(v) = -5*v**3 + 8*v**2 - 8*v - 1. Let j(d) = -3*a(d) + 4*h(d). Calculate j(8).
-1
Let o(v) be the third derivative of 0*v + 1/60*v**5 + 42*v**2 + 0*v**3 + 1/8*v**4 + 0. What is o(-3)?
0
Let f(c) = 5*c**3 + 19*c**2 - 5*c - 21. Let g(j) = 4*j**3 + 18*j**2 - 4*j - 19. Let b(z) = 5*f(z) - 6*g(z). Give b(13).
-4
Let g be ((-10)/10)/(2/10). Let j(x) = 2*x - 4. Give j(g).
-14
Suppose -2*c = -5*s + 22, -4*s = 3*c - 0*c - 13. Let q(i) = 4*i**3 + 3*i**2 + 3*i. What is q(c)?
-4
Let k(r) be the second derivative of -r**5/60 + 5*r**3/6 + 7*r**2/2 - 12*r. Let n(d) be the first derivative of k(d). Calculate n(4).
-11
Let c(f) = -2*f**2 + 2071 - 2074 + 4*f - 6*f. What is c(-2)?
-7
Let a = -1903 - -1903. Let m(h) = h**2 - h - 19. Determine m(a).
-19
Let f(k) be the third derivative of -k**6/120 + k**5/20 + k**4/6 + k**3/3 + 2*k**2. Let d be f(4). Let i(h) = h**2 - h - 1. What is i(d)?
1
Suppose 8*l - 2*y = 5*l + 4, -3*l - 4*y = -28. Let r(m) = m**3 - 2*m**2 - 5*m - 6. Calculate r(l).
6
Let v(c) = -c - 11. Let a(o) = 3. Let y(j) = 4*a(j) + v(j). What is y(13)?
-12
Let x(z) = 3*z - 37. Let h be x(13). Let v(a) = -9*a + 2*a**3 + 5*a + 1 - 2*a**h + 4*a. What is v(1)?
1
Let h(v) = -14*v - 3. Let m be (-3 - -3)/(-3) + 3 + -5. Determine h(m).
25
Let h(m) be the third derivative of m**4/4 + m**3/6 + 33*m**2 + 2*m. Calculate h(-5).
-29
Suppose -4*v - v = 0. Suppose -a + 2*b + 10 = 0, -a + 6 = -v*a - b. Suppose a*w = 5 + 5. Let r(h) = h**3 - 4*h**2 - 7*h. Give r(w).
-10
Let g(s) = s**2 + 5*s + 4. Let w = -14 - -14. Suppose 3*o - 7 = -w*a + 4*a, -2*o = 6. Determine g(a).
0
Let o(h) = -11*h + 2. Let s be (2 - (-9)/6)*(-12)/21. Calculate o(s).
24
Suppose -2*f + 559 + 335 = 0. Let g(w) = -9*w**2 + 447*w - f*w. What is g(-1)?
-9
Let o = -502 + 497. Let b(i) = -i**2 - 2*i - 2. What is b(o)?
-17
Let w(h) = h**3 - 7*h**2. Suppose 13*z = 15*z - 14. Calculate w(z).
0
Let t(v) be the first derivative of -v**3/6 + v**2/2 - v + 3. Let z(h) be the first derivative of t(h). Suppose -7 = 2*g - 5*y, -5*g - 5*y - 29 = -g. Give z(g).
7
Let f = -1 + -2. Let v(r) be the third derivative of -r**6/120 - r**5/30 + r**4/6 + r**3/2 - 304*r**2 + 2*r. What is v(f)?
0
Let o(k) be the first derivative of 3*k**2/2 - 6*k + 3. Let a = -22 - -26. Determine o(a).
6
Let s(w) = -w**3 + 8*w**2 + 9*w - 1. Let a be s(9). Let j(m) = -1. Let g(b) = -8*b + 6. Let n(f) = a*g(f) - 5*j(f). What is n(-1)?
-9
Let o(s) = 6*s + 18. Let f(x) be the third derivative of -7*x**4/24 - 19*x**3/6 - 14*x**2. Let r(q) = -5*f(q) - 6*o(q). Determine r(-6).
-7
Let t(u) be the third derivative of -u**7/840 + u**6/72 - 7*u**5/120 + u**4/4 + u**3/3 + 5*u**2. Let g(w) be the first derivative of t(w). Calculate g(4).
-6
Let c(m) = m + 2. Let r be c(3). Suppose 0 = -r*k - 23 + 3. Let f(w) = -w**3 - 4*w**2 + 6*w + 3. Let p(j) = j. Let o(s) = f(s) - 2*p(s). Determine o(k).
-13
Let q(g) be the first derivative of g**5/15 + g**4/24 + 8*g**3/3 + 24. Let o(u) be the third derivative of q(u). Calculate o(-2).
-15
Let d = 0 - -3. Suppose d*x = x. Suppose 4*k + 2*i - 24 = x, -5*k - 2*i = -0*k - 29. Let r(t) = -t**3 + 5*t**2 + 4. Determine r(k).
4
Suppose 0 = -4*o + 3*k + 18, 8*o + 3*k - 36 = 3*o. Let d(m) = -2*m + 5. Give d(o).
-7
Suppose -q - l + 15 - 19 = 0, 0 = 3*q - l + 20. Let h(x) be the second derivative of 0 + 1/2*x**4 - 1/2*x**3 - 4*x**2 + 1/20*x**5 + 2*x. Calculate h(q).
10
Let w(l) = -l**2 + 13*l - 25. Let z(q) = q**2 + 38*q + 290. Let y be z(-10). Determine w(y).
5
Let j(n) = 8*n**2 - 22*n + 19. Let u(d) = 7*d**2 - 21*d + 19. Let p(g) = 6*j(g) - 7*u(g). Give p(13).
7
Let b(o) = -o**3 + 6*o**2 + o - 2. Let g = 760 - 754. Give b(g).
4
Suppose -5*z - 50 = 5*b - b, -2*z - 5*b = 37. Let v(o) = -o**3 - o**2 + 1. Let f(n) = -4*n**3 - 10*n**2 - 8*n + 3. Let a(t) = -f(t) + 3*v(t). Determine a(z).
-12
Let t be 4*((-125)/4)/(-25). Let o(g) = -2*g + 29. What is o(t)?
19
Let v(j) = 5*j**2 - 15*j + 2. Let o(k) = -4*k**2 + 13*k - 4. Let p(c) = 6*o(c) + 5*v(c). What is p(-4)?
-10
Let t(l) = l - 2. Suppose 2*p = -2*p - 16. Let a be 1/4 + (-3)/p. Let c = a - -4. Calculate t(c).
3
Let h(l) be the second derivative of 2*l**3/3 + 3*l**2/2 - 77*l. What is h(-1)?
-1
Let b(w) = w**2 - 7*w. Suppose 3*r - 7*r + 20 = 0. Suppose r*s - 7 = -2. Let p be ((-2)/(-6))/(s/18). Calculate b(p).
-6
Let t = 4 - 8. Let y = t + 4. Let a(v) be the second derivative of v**3/6 + 10*v**2 + 85*v - 1. Calculate a(y).
20
Let k(g) = 4*g - 28. Let s(b) = -7*b + 33. Let f(v) = -6*k(v) - 5*s(v). Let j(c) = -2*c**2 - 2*c + 2. Let d be j(-2). Determine f(d).
-19
Let x be (50/150)/(1/5). Let u(d) be the first derivative of 0*d**2 - d - 6 + x*d**3. Give u(-2).
19
Let h(w) be the second derivative of -12*w + 1/2*w**2 + 1/20*w**5 + 0 + 1/4*w**4 - 1/2*w**3. Calculate h(-4).
-3
Let y(m) = m**2 + 7*m - 8. Suppose -r - 15 = 2*n - 1, -2*n - 3*r - 14 = 0. Calculate y(n).
-8
Suppose 3*b - 4*d = -b - 60, 0 = -d + 4. Let m = 13 + b. Let n(a) = a**3 + 2*a**2 - 2*a + 3. Determine n(m).
15
Suppose 9*y - 55 = 4*y + 5*m, 5*m + 13 = -2*y. Let q(c) = c**3 - 5*c**2 - 4*c - 8. Give q(y).
4
Let f(d) be the second derivative of 5*d + 1/6*d**3 + 0 + 2*d**2. Give f(4).
8
Let g(o) be the first derivative of -5*o**2/2 + 17*o - 667. Calculate g(7).
-18
Let s(h) be the third derivative of h**4/24 - 7*h**3/6 - 62*h**2. What is s(5)?
-2
Let m(l) = l**2 - l - 3. Suppose s - 2*f + 8 = 0, 0 = -s + 5*f - 12 - 2. Determine m(s).
17
Let v(b) = -2*b - 1. Suppose -4*j + 4*k + 32 = 0, -k - 4 = -2*j - 3*k. Suppose 3*n + j = 2. Calculate v(n).
1
Let o(n) = 0*n**2 + n**2 + 5 + 12 - 12 - 10*n. Let i(h) = 2*h - 8. Let z be i(7). Let m(d) = d - 1. Let a(p) = z*m(p) + o(p). Determine a(3).
-4
Let m(l) = -5 + 0*l**2 - 4*l + l - 3*l**2 + l**3. Let y(a) = -3*a**2 - 64*a - 8. Let q be y(-19). Let p = 129 - q. Calculate m(p).
-1
Let h = -407 - -411. Let z(d) = d**2 - 4*d + 2. Give z(h).
2
Let a = -17201 - -17203. Let i(j) = -4*j + 3*j - j. Calculate i(a).
-4
Let b(y) be the first derivative of -y**3/3 + y**2/2 - 7*y + 57. Calculate b(0).
-7
Let w(m) = -m - 1. Suppose -13 = 18*c - 31. What is w(c)?
-2
Let x(q) = -2*q**2 - 8*q - 6. Let j(z) = z**2 + z + 1. Let b(d) = -3*j(d) - x(d). Let t = -4 - -9. Determine b(t).
3
Let y be 9/(-2)*(-8)/12. Let h(r) = y + 5*r - 3*r + 0*r + r**2 + r**3 + r**2. Calculate h(-3).
-12
Let l(i) = i + 1. Let b(c) = -7*c - 8. Let o(h) = b(h) + 6*l(h). Suppose s - 8149 = -8144. Give o(s).
-7
Suppose 4*r - 11 = -3*t, -2*t = 4*r + 21 - 35. Let l(i) = i**3 + 3*i**2 + 3*i - 4. Give l(t).
-13
Let x be 4/3 + (-418)/66. Let d(c) = 4*c - 7. What is d(x)?
-27
Let t(u) be the first derivative of -5*u**2/2 - u + 19. Let l = 143 - 144. Calculate t(l).
4
Let w = 29 + -11. Suppose -2*g + 2*c = w, g = -3*g + 3*c - 37. Let b(o) = 2*o + 15. Give b(g).
-5
Let m(g) be the first derivative of -g**4/4 - 10*g**3/3 + 6*g**2 + 9*g - 7. Let w be m(-11). Let c(i) = -12*i - 3. Give c(w).
21
Suppose 0 = 3*a + 42 + 6. Let y be (-84)/a - (-2)/(-8). Suppose -20 = -y*l + 3*u, 0 = -4*l - 0*l - u - 1. Let v(r) = 11*r**3. Determine v(l).
11
Let f(q) = -q**3 + 16